or of 168762?
True
Is 6628963 a multiple of 187?
True
Does 24 divide 13536?
True
Does 110 divide 7842578?
False
Does 13 divide 4915955?
False
Is 2089 a factor of 14923816?
True
Is 57 a factor of 39387?
True
Does 483 divide 1060834?
False
Is 116 a factor of 124385?
False
Is 54 a factor of 43942?
False
Is 1746112 a multiple of 64?
True
Is 367064 a multiple of 17?
True
Is 83640 a multiple of 10?
True
Is 18 a factor of 2503134?
True
Is 565 a factor of 349735?
True
Is 644 a factor of 3056108?
False
Is 61 a factor of 2063142?
True
Does 43 divide 210356?
True
Does 67 divide 1390384?
True
Is 2 a factor of 652?
True
Is 154704 a multiple of 50?
False
Does 118 divide 6234246?
False
Does 8 divide 1050315?
False
Does 62 divide 75020?
True
Is 9 a factor of 10096857?
True
Is 1613808 a multiple of 336?
True
Is 117 a factor of 3306537?
True
Is 64830 a multiple of 5?
True
Does 25 divide 12332725?
True
Is 359 a factor of 2135017?
False
Does 15 divide 69210?
True
Does 176 divide 834492?
False
Is 113 a factor of 38988?
False
Is 64 a factor of 1293376?
True
Is 80916 a multiple of 30?
False
Is 32 a factor of 9935840?
True
Does 28 divide 1128061?
False
Is 16 a factor of 174976?
True
Does 221 divide 3105934?
True
Does 237 divide 328008?
True
Does 13 divide 77720?
False
Is 683 a factor of 3215147?
False
Is 79 a factor of 111480?
False
Does 6 divide 6890?
False
Is 119617 a multiple of 8?
False
Is 2868993 a multiple of 59?
True
Does 9 divide 162585?
True
Is 21 a factor of 225750?
True
Is 183250 a multiple of 25?
True
Is 398772 a multiple of 38?
True
Is 230249 a multiple of 193?
True
Does 2 divide 70868?
True
Is 14123 a multiple of 22?
False
Is 273 a factor of 699765?
False
Does 32 divide 319156?
False
Is 34 a factor of 1776109?
False
Does 4 divide 35215?
False
Is 101175 a multiple of 72?
False
Is 702050 a multiple of 25?
True
Is 52 a factor of 121836?
True
Is 1584 a factor of 1686757?
False
Is 47 a factor of 81498?
True
Is 3330825 a multiple of 1497?
True
Is 5411599 a multiple of 10?
False
Does 16 divide 560200?
False
Is 4823 a multiple of 38?
False
Does 56 divide 6448339?
False
Is 2575927 a multiple of 12?
False
Is 33 a factor of 79828?
False
Is 199120 a multiple of 443?
False
Is 2046176 a multiple of 22?
True
Does 24 divide 783563?
False
Does 41 divide 593045?
False
Is 13 a factor of 211118?
False
Is 49 a factor of 188966?
False
Does 11 divide 2144055?
False
Is 259 a factor of 2563841?
True
Is 39348 a multiple of 93?
False
Does 314 divide 296149?
False
Does 17 divide 537514?
False
Does 34 divide 3028056?
False
Is 13 a factor of 42744?
True
Does 55 divide 493447?
False
Does 47 divide 73085?
True
Does 18 divide 155512?
False
Is 83 a factor of 640945?
False
Is 60 a factor of 449640?
True
Is 3207628 a multiple of 11?
False
Is 4448038 a multiple of 556?
False
Is 5614590 a multiple of 545?
True
Does 24 divide 868291?
False
Is 2170890 a multiple of 30?
True
Is 621858 a multiple of 548?
False
Is 9230 a multiple of 112?
False
Does 28 divide 905309?
False
Is 44 a factor of 15488?
True
Is 331 a factor of 395876?
True
Does 14 divide 430022?
False
Does 782 divide 509186?
False
Does 58 divide 619497?
False
Does 9 divide 417231?
True
Does 13 divide 5330?
True
Is 15 a factor of 7399515?
True
Does 32 divide 3091861?
False
Does 23 divide 2281245?
False
Is 121067 a multiple of 32?
False
Does 4 divide 40028?
True
Is 19 a factor of 5993170?
True
Is 210 a factor of 123961?
False
Is 658353 a multiple of 159?
False
Is 3 a factor of 36420?
True
Does 98 divide 17542?
True
Does 111 divide 3798531?
True
Does 36 divide 107208?
True
Is 3026524 a multiple of 17?
False
Is 114 a factor of 48336?
True
Does 535 divide 469195?
True
Does 33 divide 464107?
False
Is 37 a factor of 97162?
True
Is 181997 a multiple of 59?
False
Does 110 divide 668668?
False
Does 608 divide 377339?
False
Is 31 a factor of 20600?
False
Is 34 a factor of 581409?
False
Does 39 divide 321282?
True
Is 85 a factor of 2916411?
False
Is 16890 a multiple of 30?
True
Is 85920 a multiple of 10?
True
Does 34 divide 44574?
True
Does 153 divide 129368?
False
Is 1004 a factor of 10147142?
False
Is 37 a factor of 23439?
False
Is 93 a factor of 1444378?
False
Is 2843698 a multiple of 793?
True
Is 67 a factor of 612179?
True
Is 121720 a multiple of 329?
False
Does 78 divide 5915832?
True
Is 14 a factor of 1225982?
False
Does 205 divide 359980?
True
Is 72 a factor of 98866?
False
Is 11 a factor of 9687989?
False
Is 84 a factor of 16300368?
True
Does 402 divide 60216?
False
Does 374 divide 561545?
False
Does 160 divide 3923808?
False
Is 18 a factor of 1099753?
False
Is 56 a factor of 1944768?
True
Is 26 a factor of 8759?
False
Does 563 divide 312465?
True
Is 149 a factor of 75563?
False
Is 6 a factor of 302520?
True
Is 69740 a multiple of 11?
True
Does 88 divide 103664?
True
Does 51 divide 1193948?
False
Is 2 a factor of 2463249?
False
Is 824304 a multiple of 12?
True
Does 304 divide 4862176?
True
Does 11 divide 1212732?
False
Is 12510 a multiple of 45?
True
Does 57 divide 150450?
False
Is 454745 even?
False
Is 516 a factor of 2975494?
False
Does 22 divide 323532?
True
Is 30 a factor of 292950?
True
Does 11 divide 46685?
False
Is 2600492 a multiple of 35?
False
Is 1659213 a multiple of 9?
True
Does 42 divide 176704?
False
Is 4700 a multiple of 5?
True
Is 200645 a multiple of 12?
False
Is 43 a factor of 31350?
False
Is 15 a factor of 90000?
True
Does 132 divide 242088?
True
Is 805056 a multiple of 12?
True
Does 177 divide 2105370?
False
Is 2950973 a multiple of 776?
False
Is 996571 a multiple of 14?
False
Is 35 a factor of 317590?
True
Is 93600 a multiple of 200?
True
Is 290067 a multiple of 13?
False
Is 193406 a multiple of 99?
False
Is 2744 a multiple of 14?
True
Is 20 a factor of 407720?
True
Does 2 divide 838895?
False
Is 6 a factor of 296289?
False
Is 154389 a multiple of 10?
False
Is 216 a factor of 6324975?
False
Does 1462 divide 7045378?
True
Does 27 divide 1771065?
True
Is 311 a factor of 3815348?
True
Does 6 divide 35963?
False
Does 19 divide 233349?
False
Does 7 divide 91035?
True
Does 3 divide 49242?
True
Does 11 divide 11797998?
False
Is 65 a factor of 1033536?
False
Does 1142 divide 2641411?
False
Is 69041 a multiple of 142?
False
Does 15 divide 1444821?
False
Is 72 a factor of 238183?
False
Is 20 a factor of 33122?
False
Is 12 a factor of 1189056?
True
Does 2 divide 18552?
True
Is 107 a factor of 177513?
True
Is 13 a factor of 3292562?
True
Is 52 a factor of 309140?
True
Does 14 divide 6058290?
True
Does 1129 divide 1393485?
False
Is 15 a factor of 7648950?
True
Does 15 divide 1125330?
True
Is 644722 a multiple of 137?
True
Does 617 divide 1101962?
True
Is 25076 a multiple of 14?
False
Is 4791574 a multiple of 1308?
False
Is 633 a factor of 13119015?
False
Does 2 divide 8459?
False
Does 142 divide 13088424?
True
Is 914841 a multiple of 7?
False
Does 37 divide 94572?
True
Does 78 divide 2090790?
True
Does 31 divide 144999?
False
Is 1620395 a multiple of 96?
False
Is 108600 a multiple of 10?
True
Is 6481515 a multiple of 44?
False
Does 23 divide 45655?
True
Does 26 divide 31252026?
True
Does 16 divide 615303?
False
Is 56 a factor of 100515?
False
Is 28 a factor of 10478098?
False
Is 39 a factor of 1043952?
True
Is 46 a factor of 32745?
False
Does 15 divide 109635?
True
Does 6 divide 759384?
True
Is 716 a factor of 384623?
False
Is 160 a factor of 30080?
True
Is 101657 a multiple of 6?
False
Is 910058 a multiple of 43?
False
Does 70 divide 8771910?
True
Is 11736 a multiple of 4?
True
Is 833 a factor of 3506663?
False
Is 30 a factor of 680463?
False
Is 55572 a multiple of 5?
False
Does 157 divide 131982?
False
Is 437929 a multiple of 11?
False
Does 103 divide 1197144?
False
Does 19 divide 3104685?
False
Is 125020 a multiple of 70?
True
Is 249829 a multiple of 100?
False
Is 30 a factor of 343291?
False
Does 60 divide 373260?
True
Is 5 a factor of 28650?
True
Is 5 a factor of 9605873?
False
Is 50 a factor of 105390?
False
Does 37 divide 3150291?
True
Is 410 a factor of 2699440?
True
Does 14 divide 97133?
False
Is 2853636 a multiple of 794?
True
Is 305 a factor of 14925086?
False
Does 124 divide 243078?
False
Does 460 divide 2883077?
False
Is 1134391 a multiple of 8?
False
Is 128 a factor of 1273344?
True
Is 277 a factor of 99998?
Fal